-99387?
-99384
In base 9, what is -1 - -1152161?
1152160
In base 3, what is 1222022101 - -11?
1222022112
In base 11, what is -28 - -8260?
8233
In base 4, what is 200132002 + 0?
200132002
In base 5, what is 1000 + 20212?
21212
In base 10, what is -10380 + 2?
-10378
In base 6, what is 110 + -223344?
-223234
In base 14, what is 3666 - 2d?
3637
In base 11, what is -2 + 31583?
31581
In base 12, what is -46 + 69?
23
In base 5, what is -2412 + 213013?
210101
In base 8, what is 614 - -406?
1222
In base 3, what is 0 - 122122110?
-122122110
In base 8, what is 0 + -156705?
-156705
In base 15, what is -1940 + -e?
-194e
In base 3, what is -20000022212 + 1?
-20000022211
In base 8, what is -20063 - 106?
-20171
In base 11, what is a4050 - 6?
a4045
In base 6, what is -400352 - 31?
-400423
In base 9, what is -163 - -550?
376
In base 5, what is -1430402 - -10?
-1430342
In base 5, what is 1 - -42402?
42403
In base 13, what is 250b + b6?
25c4
In base 11, what is -14095 + -4?
-14099
In base 11, what is 8 - 1174?
-1167
In base 14, what is 2717c - 3?
27179
In base 11, what is -a - 61294?
-612a3
In base 6, what is 4 + -1040141?
-1040133
In base 4, what is -1220212 + -10?
-1220222
In base 3, what is -12002020211 + 1?
-12002020210
In base 14, what is -1c8c7 + 5?
-1c8c2
In base 7, what is -3 - -63?
60
In base 10, what is 12 + -305110?
-305098
In base 6, what is -5 - -2045251?
2045242
In base 11, what is -434 - 426a?
-46a3
In base 7, what is 234 + -53?
151
In base 4, what is 22321 + 1132?
30113
In base 9, what is 3 - 45848?
-45845
In base 2, what is 1000000101100 + 10111?
1000001000011
In base 5, what is -3 + 110113?
110110
In base 9, what is 6386 - 154?
6232
In base 8, what is -26513 + 3?
-26510
In base 4, what is -1331 + -300101?
-302032
In base 9, what is -2188252 + 2?
-2188250
In base 4, what is -33323330 + 3?
-33323321
In base 5, what is 1024344 - 434?
1023410
In base 2, what is -100 - -1010010101100000?
1010010101011100
In base 10, what is -16567 - -54?
-16513
In base 10, what is -693 - 321?
-1014
In base 16, what is -31c9 - 0?
-31c9
In base 8, what is -1453 - -34?
-1417
In base 16, what is -7af4 + -2?
-7af6
In base 16, what is -2d - -51?
24
In base 8, what is -140 - 216?
-356
In base 9, what is -8640 + 2?
-8637
In base 6, what is 11 + -51332?
-51321
In base 14, what is -104 + -166?
-26a
In base 16, what is c + 48f32?
48f3e
In base 16, what is 1 - -d8a1b?
d8a1c
In base 9, what is 801 + 80?
881
In base 11, what is 783 - -355?
1028
In base 10, what is 907876 - -5?
907881
In base 15, what is -2d - -c5c?
c2e
In base 15, what is 3 + -240b?
-2408
In base 2, what is 1010010001011110001 - -11?
1010010001011110100
In base 13, what is 63454 - -5?
63459
In base 4, what is 1220 - -13111?
20331
In base 5, what is 3111 - -213424?
222040
In base 16, what is 18841 - -3?
18844
In base 8, what is -2434 - 40?
-2474
In base 16, what is 106ec7 + 2?
106ec9
In base 6, what is -25 - 10100?
-10125
In base 2, what is -1001011 - -1101100111101010?
1101100110011111
In base 2, what is 11010111101000 + 1?
11010111101001
In base 5, what is 23 - -202302?
202330
In base 15, what is -504e9 + -4?
-504ed
In base 14, what is -2 + -8550?
-8552
In base 12, what is 240 + 303?
543
In base 7, what is 15234 - 24?
15210
In base 5, what is 1024 + 1210?
2234
In base 8, what is 16 - -17162?
17200
In base 12, what is -b23a + 68?
-b192
In base 14, what is -27b - 41?
-2bc
In base 5, what is 102342 - 3?
102334
In base 11, what is 123a - -10?
124a
In base 12, what is -204 - b28?
-1130
In base 14, what is -466 + -23?
-489
In base 4, what is -11023023 + 10030?
-11012333
In base 12, what is -5 - -1963?
195a
In base 6, what is 3 + -13414241?
-13414234
In base 12, what is -3 + 118017?
118014
In base 11, what is -13472 - -11?
-13461
In base 13, what is 101 - -4?
105
In base 4, what is -101212 + 231?
-100321
In base 16, what is -319 - -a6?
-273
In base 4, what is -1011212133 + -2?
-1011212201
In base 13, what is -2 + -4485a?
-4485c
In base 16, what is -3 - 6e01d?
-6e020
In base 10, what is -457 - 20?
-477
In base 12, what is -880 + -35?
-8b5
In base 11, what is 4 - -6258?
6261
In base 3, what is 20 + 220200200020?
220200200110
In base 13, what is -1 + -13499?
-1349a
In base 14, what is -3ad + 2c?
-381
In base 15, what is 4797 + -2?
4795
In base 7, what is 3 - 6421320?
-6421314
In base 3, what is -12210 - 1002001?
-1021211
In base 6, what is 2114 - -20?
2134
In base 7, what is 12616 + -1?
12615
In base 3, what is 12 + -2001100221100?
-2001100221011
In base 9, what is 224 - 1005?
-671
In base 3, what is -2 - 2200220001?
-2200220010
In base 11, what is 9 + -65?
-57
In base 13, what is -200 - 944?
-b44
In base 9, what is 0 - -57403?
57403
In base 16, what is 382 - 231?
151
In base 6, what is 111325410 - -2?
111325412
In base 8, what is -24 - 3574?
-3620
In base 2, what is -100010000000 - -1011010000?
-10110110000
In base 8, what is -1470 - -123?
-1345
In base 5, what is 23314 + -4?
23310
In base 5, what is 11 - 2400201?
-2400140
In base 9, what is 3 - 180652?
-180648
In base 12, what is -2194 - -206?
-1b8a
In base 9, what is 420615 - -4?
420620
In base 13, what is -21936 + 35?
-21901
In base 13, what is -2a7c3 - -5?
-2a7bb
In base 13, what is 168 - -156?
2c1
In base 9, what is 5 - -826468?
826474
In base 15, what is 431 - -30?
461
In base 13, what is 271120 - 1?
27111c
In base 15, what is 7b22 - -34?
7b56
In base 10, what is 490 - -9?
499
In base 10, what is 1 - 9711?
-9710
In base 8, what is -1 - 1655652?
-1655653
In base 6, what is 243234 - 1?
243233
In base 11, what is -3 - 7348?
-7350
In base 3, what is -10 + -1001000112220?
-1001000120000
In base 5, what is 20433 + 4023?
30011
In base 8, what is -674 - 71?
-765
In base 4, what is 1 - -1230131?
1230132
In base 13, what is 2047 + 6?
2050
In base 2, what is 1000111000000100100001 - -100?
1000111000000100100101
In base 6, what is 2 + 104454?
104500
In base 8, what is 41 - -2037?
2100
In base 3, what is -120 + -200022111?
-200100001
In base 2, what is -10101110011101001 + -1?
-10101110011101010
In base 12, what is -2297 - -6?
-2291
In base 6, what is 34 + -100300?
-100222
In base 13, what is -137a - -4?
-1376
In base 5, what is 12030 + 1213?
13243
In base 14, what is 444 + 33d?
783
In base 11, what is 1929 + -14?
1915
In base 14, what is 10 + 7520?
7530
In base 4, what is 10103210 + -1022?
10102122
In base 8, what is 50076 - -12?
50110
In base 13, what is -2846 - 301?
-2b47
In base 4, what is -2 + 121233?
121231
In base 11, what is -201 + -37?
-238
In base 12, what is -57 + -101?
-158
In base 2, what is 1 - 11100001010011111001?
-11100001010011111000
In base 9, what is -3 - 150688?
-150702
In base 15, what is 56 - -3c53?
3ca9
In base 16, what is 1ddf - -a?
1de9
In base 12, what is -1aa + 596?
3a8
In base 13, what is a + -72a5?
-7298
In base 9, what is -25883 + 11?
-25872
In base 15, what is 9947 - 0?
9947
In base 16, what is -4 - 54ec2?
-54ec6
In base 2, what is -110110100 - 10110010?
-1001100110
In base 9, what is 1 + -25061?
-25060
In base 15, what is d4 - -1e23?
2007
In base 16, what is -26e1 - -5?
-26dc
In base 8, what is -3 + 47570?
47565
In base 5, what is -3 - 204034402?
-204034410
In base 13, what is -1 + -140432?
-140433
In base 10, what is 113 + -467?
-354
In base 13, what is 4 + 4069?
4070
In base 6, what is -453 - 401?
-1254
In base 11, what is 1746 + 172?
1908
In base 14, what is -981439 + 3?
-981436
In base 6, what is -113 + 40044?
35531
In base 16, what is 2 + -163?
-161
In base 8, what is 227 - 1140?
-711
In base 4, what is -11 - 220110?
-220121
In base 13, what is 1a3066 - 4?
1a3062
In base 8, what is -175301 - 1?
-175302
In base 7, what is -13222 - 24?
-13246
In base 12, what is 0 - -4178?
4178
In base 5, what is 20200 - -4111?
24311
In base 14, what is 6 + 200d8?
20100
In base 2, what is -101 + -100110100000?
-100110100101
In base 14, what is -25b - -22?
-239
In base 6, what is -2315 + 5352?
3033
In base 13, what is -9431 + 4?
-942a
In base 4, what is 11 - 20133133?
-20133122
In base 8, what is 126 + 2011?
2137
In base 14, what is 92 - 4596?
-4504
In base 2, what is -1010101 - -110001?
-100100
In base 7, what is 530 - 1101?
-241
In base 5, what is 142333 - 400?
141433
In base 9, what is -2231 - -13?
-2217
In base 3, what is 2002 - 112201?
-110122
In base